{"id":26897,"date":"2024-06-17T11:57:21","date_gmt":"2024-06-17T11:57:21","guid":{"rendered":"https:\/\/valleintelviturismo.it\/?post_type=tribe_events&#038;p=26897"},"modified":"2024-06-17T11:57:21","modified_gmt":"2024-06-17T11:57:21","slug":"sagra-di-san-giovanni","status":"publish","type":"tribe_events","link":"https:\/\/valleintelviturismo.it\/en\/event\/sagra-di-san-giovanni\/","title":{"rendered":"Feast of San Giovanni"},"content":{"rendered":"<div class=\"x11i5rnm xat24cr x1mh8g0r x1vvkbs xtlvy1s x126k92a\">\n<div dir=\"auto\">La tradizionale <em>Sagra di San Giovanni<\/em> per l\u2019edizione 2024 si terr\u00e0 nelle giornate di sabato 22 e domenica 23 giugno.<\/div>\n<div dir=\"auto\">Il suggestivo scenario incorniciato dall&#8217;Isola Comacina e dal Borgo di Ossuccio accoglier\u00e0 la pi\u00f9 antica tra le manifestazioni lariane del Comune di Tremezzina che unendo arte, culto e folklore, celebrer\u00e0 le vicende che segnarono la storia non solo del territorio comunale, ma anche del territorio provinciale e regionale.<\/div>\n<\/div>\n<div class=\"x11i5rnm xat24cr x1mh8g0r x1vvkbs xtlvy1s x126k92a\">\n<div dir=\"auto\"><span class=\"html-span xexx8yu x4uap5 x18d9i69 xkhd6sd x1hl2dhg x16tdsg8 x1vvkbs x3nfvp2 x1j61x8r x1fcty0u xdj266r xat24cr xgzva0m xhhsvwb xxymvpz xlup9mm x1kky2od\"><img decoding=\"async\" class=\"xz74otr\" src=\"https:\/\/static.xx.fbcdn.net\/images\/emoji.php\/v9\/t51\/1\/16\/1f449.png\" alt=\"\ud83d\udc49\" width=\"16\" height=\"16\" \/><\/span>22 GIUGNO 2024<\/div>\n<\/div>\n<div class=\"x11i5rnm xat24cr x1mh8g0r x1vvkbs xtlvy1s x126k92a\">\n<div dir=\"auto\">La sera del 22 giugno, dalle ore 19.00 il parco comunale in localit\u00e0 Ossuccio ospiter\u00e0 la serata gastronomica- danzante, organizzata grazie alla collaborazione dell\u2019Associazione Turistica Tremezzina.<\/div>\n<\/div>\n<div class=\"x11i5rnm xat24cr x1mh8g0r x1vvkbs xtlvy1s x126k92a\">\n<div dir=\"auto\">Alle ore 22.30 si terr\u00e0 il tradizionale spettacolo pirotecnico &#8211; musicale e la rievocazione dell\u2019incendio dell\u2019Isola. La \u201cZoca de L\u2019Oli\u201d si illuminer\u00e0 quindi di colori con l\u2019appuntamento pi\u00f9 atteso della stagione estiva per il centro Lago di Como.<\/div>\n<\/div>\n<div class=\"x11i5rnm xat24cr x1mh8g0r x1vvkbs xtlvy1s x126k92a\">\n<div dir=\"auto\"><span class=\"html-span xexx8yu x4uap5 x18d9i69 xkhd6sd x1hl2dhg x16tdsg8 x1vvkbs x3nfvp2 x1j61x8r x1fcty0u xdj266r xat24cr xgzva0m xhhsvwb xxymvpz xlup9mm x1kky2od\"><img decoding=\"async\" class=\"xz74otr\" src=\"https:\/\/static.xx.fbcdn.net\/images\/emoji.php\/v9\/t51\/1\/16\/1f449.png\" alt=\"\ud83d\udc49\" width=\"16\" height=\"16\" \/><\/span>23 GIUGNO 2024<\/div>\n<\/div>\n<div class=\"x11i5rnm xat24cr x1mh8g0r x1vvkbs xtlvy1s x126k92a\">\n<div dir=\"auto\">Gli eventi proseguiranno nella giornata di domenica, 23 giugno, con la solenne processione per l\u2019Isola Comacina:<\/div>\n<\/div>\n<div class=\"x11i5rnm xat24cr x1mh8g0r x1vvkbs xtlvy1s x126k92a\">\n<div dir=\"auto\">&#8211; 9.30 partenza alle ore alle dalla frazione di Campo in Localit\u00e0 Lenno e trasferimento sull\u2019isola con motonave (partecipazione gratuita)<\/div>\n<div dir=\"auto\">&#8211; 11.00 celebrazione della Santa Messa nell\u2019area archeologica della basilica di Sant\u2019Eufemia Loc. Ossuccio.<\/div>\n<div dir=\"auto\">Prester\u00e0 servizio il Corpo Musicale \u201cVittorio Veneto\u201d e al termine la manifestazione si concluder\u00e0 con l\u2019esibizione della Fanfara del 3\u00b0 Reggimento Carabinieri Lombardia- Milano<\/div>\n<div dir=\"auto\">-19.00 serata gastronomica &#8211; danzante presso il parco comunale in localit\u00e0 Ossuccio<\/div>\n<\/div>\n<div class=\"x11i5rnm xat24cr x1mh8g0r x1vvkbs xtlvy1s x126k92a\">\n<div dir=\"auto\">CHIUSURA STRADA STATALE REGINA<\/div>\n<div dir=\"auto\">In occasione della serata di sabato 22 la strada statale Regina sar\u00e0 chiusa al traffico nel tratto Argegno \u2013 Lenno (al distributore carburante) dalle ore 20.00 alle ore 24.00.<\/div>\n<\/div>\n<div class=\"x11i5rnm xat24cr x1mh8g0r x1vvkbs xtlvy1s x126k92a\">\n<div dir=\"auto\">SERVIZIO BUS NAVETTA GRATUITO<\/div>\n<div dir=\"auto\">Sar\u00e0 attivo un servizio gratuito navetta da Menaggio a Lenno. A breve saranno pubblicati gli orari.<\/div>\n<\/div>\n<div class=\"x11i5rnm xat24cr x1mh8g0r x1vvkbs xtlvy1s x126k92a\">\n<div dir=\"auto\">PASS PER I RESIDENTI<\/div>\n<div dir=\"auto\">Per tutto il giorno di sabato 22 giugno i residenti potranno transitare nelle strade comunali.<\/div>\n<div dir=\"auto\">I residenti possono richiedere dei PASS per l\u2019accesso a parcheggi di propriet\u00e0 privata in Loc. Ossuccio. I PASS saranno correlati al n. di posti auto di propriet\u00e0 effettivamente disponibili.<\/div>\n<div dir=\"auto\">Sar\u00e0 necessario esibire i Pass al personale incaricato del controllo del traffico presente sul territorio a partire dal mattino del 22 giugno per poter accedere al posto auto privato.<\/div>\n<div dir=\"auto\">Nei prossimi giorni saranno pubblicate tutte le informazioni per la procedura di richiesta dei PASS.<\/div>\n<\/div>\n<div class=\"x11i5rnm xat24cr x1mh8g0r x1vvkbs xtlvy1s x126k92a\">\n<div dir=\"auto\">PASS PER TRANSITO SPECIALE<\/div>\n<div dir=\"auto\">Nei prossimi giorni saranno pubblicate tutte le informazioni per la procedura di richiesta dei PASS che autorizzano i transiti speciali a persone non residenti.<\/div>\n<\/div>\n<div class=\"x11i5rnm xat24cr x1mh8g0r x1vvkbs xtlvy1s x126k92a\">\n<div dir=\"auto\">PRENOTAZIONI POSTI AUTO E MOTO PER I NON RESIDENTI<\/div>\n<div dir=\"auto\">Per i non residenti \u00e8 possibile prenotare posti auto e moto direttamente on-line sul sito dell\u2019Associazione Turistica Tremezzina <span class=\"html-span xdj266r x11i5rnm xat24cr x1mh8g0r xexx8yu x4uap5 x18d9i69 xkhd6sd x1hl2dhg x16tdsg8 x1vvkbs\"><a class=\"x1i10hfl xjbqb8w x1ejq31n xd10rxx x1sy0etr x17r0tee x972fbf xcfux6l x1qhh985 xm0m39n x9f619 x1ypdohk xt0psk2 xe8uvvx xdj266r x11i5rnm xat24cr x1mh8g0r xexx8yu x4uap5 x18d9i69 xkhd6sd x16tdsg8 x1hl2dhg xggy1nq x1a2a7pz x1sur9pj xkrqix3 x1fey0fg\" tabindex=\"0\" role=\"link\" href=\"https:\/\/l.facebook.com\/l.php?u=http%3A%2F%2Fwww.tremezzinatourism.com%2F%3Ffbclid%3DIwZXh0bgNhZW0CMTAAAR02iqUFa8XdoSvF10VXNFR4kQlGIMHiKvV2kTLMnO9Ug9rR11TS2lMAB3o_aem_ZmFrZWR1bW15MTZieXRlcw&amp;h=AT3bGQBw54GJjKxM6528VLanXG659977sLb2gRh0lSVVWrIbqZZow0-n_ZboQSI1JGrQKCjXNZiJlFiQxalVln2Ewel0F2e4LTfY5o8nYxHYoP2eLOw9CdgyjqPMkXKPWoof&amp;__tn__=-UK-R&amp;c[0]=AT30dS6NEPjQetQ73jeOF29FYF9srLmUbmbCF6JbAcnOTbyF-43tbh5zm5hMh5fOkbgXZFjjHh7jqiqmHkqeUsucrxLuoNFJ1dkY4r8XtyGUTCtPaw6wF1acLbvoFy6V3VcOG62r-dWZLKL59s3GGEE-lTLDt3uUnK7j_eLEQksbXNsJcnWPYyPjFR0vSIU-CChmFcsqCcPkEt9fq6J42oOGtBqZPCNA6BzT\" target=\"_blank\" rel=\"nofollow noopener noreferrer\">www.tremezzinatourism.com<\/a><\/span><\/div>\n<\/div>\n<div class=\"x11i5rnm xat24cr x1mh8g0r x1vvkbs xtlvy1s x126k92a\">\n<div dir=\"auto\"><span class=\"html-span xexx8yu x4uap5 x18d9i69 xkhd6sd x1hl2dhg x16tdsg8 x1vvkbs x3nfvp2 x1j61x8r x1fcty0u xdj266r xat24cr xgzva0m xhhsvwb xxymvpz xlup9mm x1kky2od\"><img decoding=\"async\" class=\"xz74otr\" src=\"https:\/\/static.xx.fbcdn.net\/images\/emoji.php\/v9\/tac\/1\/16\/1f4cc.png\" alt=\"\ud83d\udccc\" width=\"16\" height=\"16\" \/><\/span>INFORMAZIONI<\/div>\n<div dir=\"auto\">Ulteriori informazioni relative al programma e dettagli organizzativi saranno pubblicati nei prossimi giorni nel portale istituzionale del Comune di Tremezzina <span class=\"html-span xdj266r x11i5rnm xat24cr x1mh8g0r xexx8yu x4uap5 x18d9i69 xkhd6sd x1hl2dhg x16tdsg8 x1vvkbs\"><a class=\"x1i10hfl xjbqb8w x1ejq31n xd10rxx x1sy0etr x17r0tee x972fbf xcfux6l x1qhh985 xm0m39n x9f619 x1ypdohk xt0psk2 xe8uvvx xdj266r x11i5rnm xat24cr x1mh8g0r xexx8yu x4uap5 x18d9i69 xkhd6sd x16tdsg8 x1hl2dhg xggy1nq x1a2a7pz x1sur9pj xkrqix3 x1fey0fg\" tabindex=\"0\" role=\"link\" href=\"http:\/\/www.comune.tremezzina.co.it\/?fbclid=IwZXh0bgNhZW0CMTAAAR3b6yA5zbL5i5szbFTfTD-O3EoDNkvFrktKCUtz51K94YUPniH7x_cfjOg_aem_ZmFrZWR1bW15MTZieXRlcw\" target=\"_blank\" rel=\"nofollow noopener noreferrer\">www.comune.tremezzina.co.it.<\/a><\/span><\/div>\n<\/div>\n<div class=\"x11i5rnm xat24cr x1mh8g0r x1vvkbs xtlvy1s x126k92a\">\n<div dir=\"auto\"><span class=\"html-span xexx8yu x4uap5 x18d9i69 xkhd6sd x1hl2dhg x16tdsg8 x1vvkbs x3nfvp2 x1j61x8r x1fcty0u xdj266r xat24cr xgzva0m xhhsvwb xxymvpz xlup9mm x1kky2od\"><img decoding=\"async\" class=\"xz74otr\" src=\"https:\/\/static.xx.fbcdn.net\/images\/emoji.php\/v9\/t2d\/1\/16\/1f4cd.png\" alt=\"\ud83d\udccd\" width=\"16\" height=\"16\" \/><\/span>CONTATTI : Comune di Tremezzina, email turismo@comune.tremezzina.co.it<\/div>\n<\/div>\n<div dir=\"auto\"><img loading=\"lazy\" decoding=\"async\" class=\"alignnone  wp-image-26899\" src=\"https:\/\/valleintelviturismo.it\/wp-content\/uploads\/2024\/06\/navetta-sagra-san-giovanni-212x300.jpg\" alt=\"\" width=\"310\" height=\"439\" srcset=\"https:\/\/valleintelviturismo.it\/wp-content\/uploads\/2024\/06\/navetta-sagra-san-giovanni-212x300.jpg 212w, https:\/\/valleintelviturismo.it\/wp-content\/uploads\/2024\/06\/navetta-sagra-san-giovanni-724x1024.jpg 724w, https:\/\/valleintelviturismo.it\/wp-content\/uploads\/2024\/06\/navetta-sagra-san-giovanni-768x1086.jpg 768w, https:\/\/valleintelviturismo.it\/wp-content\/uploads\/2024\/06\/navetta-sagra-san-giovanni-1086x1536.jpg 1086w, https:\/\/valleintelviturismo.it\/wp-content\/uploads\/2024\/06\/navetta-sagra-san-giovanni-8x12.jpg 8w, https:\/\/valleintelviturismo.it\/wp-content\/uploads\/2024\/06\/navetta-sagra-san-giovanni-700x990.jpg 700w, https:\/\/valleintelviturismo.it\/wp-content\/uploads\/2024\/06\/navetta-sagra-san-giovanni-500x707.jpg 500w, https:\/\/valleintelviturismo.it\/wp-content\/uploads\/2024\/06\/navetta-sagra-san-giovanni.jpg 1241w\" sizes=\"(max-width: 310px) 100vw, 310px\" \/><\/div>\n","protected":false},"excerpt":{"rendered":"<p>La tradizionale Sagra di San Giovanni per l\u2019edizione 2024 si terr\u00e0 nelle giornate di sabato 22 e domenica 23 giugno. Il suggestivo scenario incorniciato dall&#8217;Isola Comacina e dal Borgo di [&hellip;]<\/p>\n","protected":false},"author":1,"featured_media":26898,"template":"","meta":{"_tribe_events_status":"","_tribe_events_status_reason":"","footnotes":""},"tags":[],"tribe_events_cat":[75],"class_list":["post-26897","tribe_events","type-tribe_events","status-publish","has-post-thumbnail","hentry","tribe_events_cat-eventi","cat_eventi"],"_links":{"self":[{"href":"https:\/\/valleintelviturismo.it\/en\/wp-json\/wp\/v2\/tribe_events\/26897","targetHints":{"allow":["GET"]}}],"collection":[{"href":"https:\/\/valleintelviturismo.it\/en\/wp-json\/wp\/v2\/tribe_events"}],"about":[{"href":"https:\/\/valleintelviturismo.it\/en\/wp-json\/wp\/v2\/types\/tribe_events"}],"author":[{"embeddable":true,"href":"https:\/\/valleintelviturismo.it\/en\/wp-json\/wp\/v2\/users\/1"}],"version-history":[{"count":0,"href":"https:\/\/valleintelviturismo.it\/en\/wp-json\/wp\/v2\/tribe_events\/26897\/revisions"}],"wp:featuredmedia":[{"embeddable":true,"href":"https:\/\/valleintelviturismo.it\/en\/wp-json\/wp\/v2\/media\/26898"}],"wp:attachment":[{"href":"https:\/\/valleintelviturismo.it\/en\/wp-json\/wp\/v2\/media?parent=26897"}],"wp:term":[{"taxonomy":"post_tag","embeddable":true,"href":"https:\/\/valleintelviturismo.it\/en\/wp-json\/wp\/v2\/tags?post=26897"},{"taxonomy":"tribe_events_cat","embeddable":true,"href":"https:\/\/valleintelviturismo.it\/en\/wp-json\/wp\/v2\/tribe_events_cat?post=26897"}],"curies":[{"name":"wp","href":"https:\/\/api.w.org\/{rel}","templated":true}]}}

<div class="x11i5rnm xat24cr x1mh8g0r x1vvkbs xtlvy1s x126k92a">
<div dir="auto">La tradizionale <em>Sagra di San Giovanni</em> per l’edizione 2024 si terrà nelle giornate di sabato 22 e domenica 23 giugno.</div>
<div dir="auto">Il suggestivo scenario incorniciato dall&#8217;Isola Comacina e dal Borgo di Ossuccio accoglierà la più antica tra le manifestazioni lariane del Comune di Tremezzina che unendo arte, culto e folklore, celebrerà le vicende che segnarono la storia non solo del territorio comunale, ma anche del territorio provinciale e regionale.</div>
</div>
<div class="x11i5rnm xat24cr x1mh8g0r x1vvkbs xtlvy1s x126k92a">
<div dir="auto"><span class="html-span xexx8yu x4uap5 x18d9i69 xkhd6sd x1hl2dhg x16tdsg8 x1vvkbs x3nfvp2 x1j61x8r x1fcty0u xdj266r xat24cr xgzva0m xhhsvwb xxymvpz xlup9mm x1kky2od"><img decoding="async" class="xz74otr" src="https://static.xx.fbcdn.net/images/emoji.php/v9/t51/1/16/1f449.png" alt="👉" width="16" height="16" /></span>22 GIUGNO 2024</div>
</div>
<div class="x11i5rnm xat24cr x1mh8g0r x1vvkbs xtlvy1s x126k92a">
<div dir="auto">La sera del 22 giugno, dalle ore 19.00 il parco comunale in località Ossuccio ospiterà la serata gastronomica- danzante, organizzata grazie alla collaborazione dell’Associazione Turistica Tremezzina.</div>
</div>
<div class="x11i5rnm xat24cr x1mh8g0r x1vvkbs xtlvy1s x126k92a">
<div dir="auto">Alle ore 22.30 si terrà il tradizionale spettacolo pirotecnico &#8211; musicale e la rievocazione dell’incendio dell’Isola. La “Zoca de L’Oli” si illuminerà quindi di colori con l’appuntamento più atteso della stagione estiva per il centro Lago di Como.</div>
</div>
<div class="x11i5rnm xat24cr x1mh8g0r x1vvkbs xtlvy1s x126k92a">
<div dir="auto"><span class="html-span xexx8yu x4uap5 x18d9i69 xkhd6sd x1hl2dhg x16tdsg8 x1vvkbs x3nfvp2 x1j61x8r x1fcty0u xdj266r xat24cr xgzva0m xhhsvwb xxymvpz xlup9mm x1kky2od"><img decoding="async" class="xz74otr" src="https://static.xx.fbcdn.net/images/emoji.php/v9/t51/1/16/1f449.png" alt="👉" width="16" height="16" /></span>23 GIUGNO 2024</div>
</div>
<div class="x11i5rnm xat24cr x1mh8g0r x1vvkbs xtlvy1s x126k92a">
<div dir="auto">Gli eventi proseguiranno nella giornata di domenica, 23 giugno, con la solenne processione per l’Isola Comacina:</div>
</div>
<div class="x11i5rnm xat24cr x1mh8g0r x1vvkbs xtlvy1s x126k92a">
<div dir="auto">&#8211; 9.30 partenza alle ore alle dalla frazione di Campo in Località Lenno e trasferimento sull’isola con motonave (partecipazione gratuita)</div>
<div dir="auto">&#8211; 11.00 celebrazione della Santa Messa nell’area archeologica della basilica di Sant’Eufemia Loc. Ossuccio.</div>
<div dir="auto">Presterà servizio il Corpo Musicale “Vittorio Veneto” e al termine la manifestazione si concluderà con l’esibizione della Fanfara del 3° Reggimento Carabinieri Lombardia- Milano</div>
<div dir="auto">-19.00 serata gastronomica &#8211; danzante presso il parco comunale in località Ossuccio</div>
</div>
<div class="x11i5rnm xat24cr x1mh8g0r x1vvkbs xtlvy1s x126k92a">
<div dir="auto">CHIUSURA STRADA STATALE REGINA</div>
<div dir="auto">In occasione della serata di sabato 22 la strada statale Regina sarà chiusa al traffico nel tratto Argegno – Lenno (al distributore carburante) dalle ore 20.00 alle ore 24.00.</div>
</div>
<div class="x11i5rnm xat24cr x1mh8g0r x1vvkbs xtlvy1s x126k92a">
<div dir="auto">SERVIZIO BUS NAVETTA GRATUITO</div>
<div dir="auto">Sarà attivo un servizio gratuito navetta da Menaggio a Lenno. A breve saranno pubblicati gli orari.</div>
</div>
<div class="x11i5rnm xat24cr x1mh8g0r x1vvkbs xtlvy1s x126k92a">
<div dir="auto">PASS PER I RESIDENTI</div>
<div dir="auto">Per tutto il giorno di sabato 22 giugno i residenti potranno transitare nelle strade comunali.</div>
<div dir="auto">I residenti possono richiedere dei PASS per l’accesso a parcheggi di proprietà privata in Loc. Ossuccio. I PASS saranno correlati al n. di posti auto di proprietà effettivamente disponibili.</div>
<div dir="auto">Sarà necessario esibire i Pass al personale incaricato del controllo del traffico presente sul territorio a partire dal mattino del 22 giugno per poter accedere al posto auto privato.</div>
<div dir="auto">Nei prossimi giorni saranno pubblicate tutte le informazioni per la procedura di richiesta dei PASS.</div>
</div>
<div class="x11i5rnm xat24cr x1mh8g0r x1vvkbs xtlvy1s x126k92a">
<div dir="auto">PASS PER TRANSITO SPECIALE</div>
<div dir="auto">Nei prossimi giorni saranno pubblicate tutte le informazioni per la procedura di richiesta dei PASS che autorizzano i transiti speciali a persone non residenti.</div>
</div>
<div class="x11i5rnm xat24cr x1mh8g0r x1vvkbs xtlvy1s x126k92a">
<div dir="auto">PRENOTAZIONI POSTI AUTO E MOTO PER I NON RESIDENTI</div>
<div dir="auto">Per i non residenti è possibile prenotare posti auto e moto direttamente on-line sul sito dell’Associazione Turistica Tremezzina <span class="html-span xdj266r x11i5rnm xat24cr x1mh8g0r xexx8yu x4uap5 x18d9i69 xkhd6sd x1hl2dhg x16tdsg8 x1vvkbs"><a class="x1i10hfl xjbqb8w x1ejq31n xd10rxx x1sy0etr x17r0tee x972fbf xcfux6l x1qhh985 xm0m39n x9f619 x1ypdohk xt0psk2 xe8uvvx xdj266r x11i5rnm xat24cr x1mh8g0r xexx8yu x4uap5 x18d9i69 xkhd6sd x16tdsg8 x1hl2dhg xggy1nq x1a2a7pz x1sur9pj xkrqix3 x1fey0fg" tabindex="0" role="link" href="https://l.facebook.com/l.php?u=http%3A%2F%2Fwww.tremezzinatourism.com%2F%3Ffbclid%3DIwZXh0bgNhZW0CMTAAAR02iqUFa8XdoSvF10VXNFR4kQlGIMHiKvV2kTLMnO9Ug9rR11TS2lMAB3o_aem_ZmFrZWR1bW15MTZieXRlcw&amp;h=AT3bGQBw54GJjKxM6528VLanXG659977sLb2gRh0lSVVWrIbqZZow0-n_ZboQSI1JGrQKCjXNZiJlFiQxalVln2Ewel0F2e4LTfY5o8nYxHYoP2eLOw9CdgyjqPMkXKPWoof&amp;__tn__=-UK-R&amp;c[0]=AT30dS6NEPjQetQ73jeOF29FYF9srLmUbmbCF6JbAcnOTbyF-43tbh5zm5hMh5fOkbgXZFjjHh7jqiqmHkqeUsucrxLuoNFJ1dkY4r8XtyGUTCtPaw6wF1acLbvoFy6V3VcOG62r-dWZLKL59s3GGEE-lTLDt3uUnK7j_eLEQksbXNsJcnWPYyPjFR0vSIU-CChmFcsqCcPkEt9fq6J42oOGtBqZPCNA6BzT" target="_blank" rel="nofollow noopener noreferrer">www.tremezzinatourism.com</a></span></div>
</div>
<div class="x11i5rnm xat24cr x1mh8g0r x1vvkbs xtlvy1s x126k92a">
<div dir="auto"><span class="html-span xexx8yu x4uap5 x18d9i69 xkhd6sd x1hl2dhg x16tdsg8 x1vvkbs x3nfvp2 x1j61x8r x1fcty0u xdj266r xat24cr xgzva0m xhhsvwb xxymvpz xlup9mm x1kky2od"><img decoding="async" class="xz74otr" src="https://static.xx.fbcdn.net/images/emoji.php/v9/tac/1/16/1f4cc.png" alt="📌" width="16" height="16" /></span>INFORMAZIONI</div>
<div dir="auto">Ulteriori informazioni relative al programma e dettagli organizzativi saranno pubblicati nei prossimi giorni nel portale istituzionale del Comune di Tremezzina <span class="html-span xdj266r x11i5rnm xat24cr x1mh8g0r xexx8yu x4uap5 x18d9i69 xkhd6sd x1hl2dhg x16tdsg8 x1vvkbs"><a class="x1i10hfl xjbqb8w x1ejq31n xd10rxx x1sy0etr x17r0tee x972fbf xcfux6l x1qhh985 xm0m39n x9f619 x1ypdohk xt0psk2 xe8uvvx xdj266r x11i5rnm xat24cr x1mh8g0r xexx8yu x4uap5 x18d9i69 xkhd6sd x16tdsg8 x1hl2dhg xggy1nq x1a2a7pz x1sur9pj xkrqix3 x1fey0fg" tabindex="0" role="link" href="http://www.comune.tremezzina.co.it/?fbclid=IwZXh0bgNhZW0CMTAAAR3b6yA5zbL5i5szbFTfTD-O3EoDNkvFrktKCUtz51K94YUPniH7x_cfjOg_aem_ZmFrZWR1bW15MTZieXRlcw" target="_blank" rel="nofollow noopener noreferrer">www.comune.tremezzina.co.it.</a></span></div>
</div>
<div class="x11i5rnm xat24cr x1mh8g0r x1vvkbs xtlvy1s x126k92a">
<div dir="auto"><span class="html-span xexx8yu x4uap5 x18d9i69 xkhd6sd x1hl2dhg x16tdsg8 x1vvkbs x3nfvp2 x1j61x8r x1fcty0u xdj266r xat24cr xgzva0m xhhsvwb xxymvpz xlup9mm x1kky2od"><img decoding="async" class="xz74otr" src="https://static.xx.fbcdn.net/images/emoji.php/v9/t2d/1/16/1f4cd.png" alt="📍" width="16" height="16" /></span>CONTATTI : Comune di Tremezzina, email turismo@comune.tremezzina.co.it</div>
</div>
<div dir="auto"><img loading="lazy" decoding="async" class="alignnone  wp-image-26899" src="https://valleintelviturismo.it/wp-content/uploads/2024/06/navetta-sagra-san-giovanni-212x300.jpg" alt="" width="310" height="439" srcset="https://valleintelviturismo.it/wp-content/uploads/2024/06/navetta-sagra-san-giovanni-212x300.jpg 212w, https://valleintelviturismo.it/wp-content/uploads/2024/06/navetta-sagra-san-giovanni-724x1024.jpg 724w, https://valleintelviturismo.it/wp-content/uploads/2024/06/navetta-sagra-san-giovanni-768x1086.jpg 768w, https://valleintelviturismo.it/wp-content/uploads/2024/06/navetta-sagra-san-giovanni-1086x1536.jpg 1086w, https://valleintelviturismo.it/wp-content/uploads/2024/06/navetta-sagra-san-giovanni-8x12.jpg 8w, https://valleintelviturismo.it/wp-content/uploads/2024/06/navetta-sagra-san-giovanni-700x990.jpg 700w, https://valleintelviturismo.it/wp-content/uploads/2024/06/navetta-sagra-san-giovanni-500x707.jpg 500w, https://valleintelviturismo.it/wp-content/uploads/2024/06/navetta-sagra-san-giovanni.jpg 1241w" sizes="(max-width: 310px) 100vw, 310px" /></div>

<p>La tradizionale Sagra di San Giovanni per l’edizione 2024 si terrà nelle giornate di sabato 22 e domenica 23 giugno. Il suggestivo scenario incorniciato dall&#8217;Isola Comacina e dal Borgo di [&hellip;]</p>
